{"id":17,"date":"2026-04-20T13:58:30","date_gmt":"2026-04-20T13:58:30","guid":{"rendered":"http:\/\/escuelapresbiteriana.com.portalesdenegocios.com\/?page_id=17"},"modified":"2026-04-21T13:10:25","modified_gmt":"2026-04-21T13:10:25","slug":"proyecto-educativo-institucional","status":"publish","type":"page","link":"https:\/\/escuelapresbiteriana.com\/index.php\/proyecto-educativo-institucional\/","title":{"rendered":"Proyecto educativo institucional"},"content":{"rendered":"<p>[et_pb_section fb_built=\u00bb1&#8243; _builder_version=\u00bb4.22.2&#8243; _module_preset=\u00bbdefault\u00bb background_image=\u00bbhttps:\/\/escuelapresbiteriana.com\/wp-content\/uploads\/2026\/04\/bg-interiores.jpg\u00bb global_colors_info=\u00bb{}\u00bb theme_builder_area=\u00bbpost_content\u00bb][et_pb_row _builder_version=\u00bb4.22.2&#8243; _module_preset=\u00bbdefault\u00bb global_colors_info=\u00bb{}\u00bb theme_builder_area=\u00bbpost_content\u00bb][et_pb_column type=\u00bb4_4&#8243; _builder_version=\u00bb4.22.2&#8243; _module_preset=\u00bbdefault\u00bb global_colors_info=\u00bb{}\u00bb theme_builder_area=\u00bbpost_content\u00bb][et_pb_text _builder_version=\u00bb4.22.2&#8243; _module_preset=\u00bbdefault\u00bb header_2_font=\u00bbLato|||on|||||\u00bb header_2_text_color=\u00bb#FFFFFF\u00bb header_2_font_size=\u00bb45px\u00bb header_2_line_height=\u00bb1.5em\u00bb hover_enabled=\u00bb0&#8243; global_colors_info=\u00bb{}\u00bb theme_builder_area=\u00bbpost_content\u00bb sticky_enabled=\u00bb0&#8243;]<\/p>\n<h2 style=\"text-align: center;\"><span>Proyecto educativo institucional<\/span><\/h2>\n<p>[\/et_pb_text][et_pb_divider color=\u00bb#ffde1a\u00bb _builder_version=\u00bb4.22.2&#8243; _module_preset=\u00bbdefault\u00bb global_colors_info=\u00bb{}\u00bb theme_builder_area=\u00bbpost_content\u00bb][\/et_pb_divider][\/et_pb_column][\/et_pb_row][\/et_pb_section][et_pb_section fb_built=\u00bb1&#8243; _builder_version=\u00bb4.22.2&#8243; _module_preset=\u00bbdefault\u00bb global_colors_info=\u00bb{}\u00bb theme_builder_area=\u00bbpost_content\u00bb][et_pb_row _builder_version=\u00bb4.22.2&#8243; _module_preset=\u00bbdefault\u00bb global_colors_info=\u00bb{}\u00bb theme_builder_area=\u00bbpost_content\u00bb][et_pb_column type=\u00bb4_4&#8243; _builder_version=\u00bb4.22.2&#8243; _module_preset=\u00bbdefault\u00bb global_colors_info=\u00bb{}\u00bb theme_builder_area=\u00bbpost_content\u00bb][et_pb_text _builder_version=\u00bb4.22.2&#8243; _module_preset=\u00bbdefault\u00bb header_6_font=\u00bbLato|700|||||||\u00bb header_6_text_color=\u00bb#333399&#8243; header_6_font_size=\u00bb20px\u00bb header_6_line_height=\u00bb1.2em\u00bb hover_enabled=\u00bb0&#8243; global_colors_info=\u00bb{}\u00bb theme_builder_area=\u00bbpost_content\u00bb sticky_enabled=\u00bb0&#8243;]<\/p>\n<h6 style=\"text-align: center;\"><span>PEI (<\/span><span>Proyecto Educativo Institucional)<\/span><\/h6>\n<p>[\/et_pb_text][et_pb_text _builder_version=\u00bb4.22.2&#8243; _module_preset=\u00bbdefault\u00bb text_font=\u00bbLato||||||||\u00bb text_text_color=\u00bb#000000&#8243; text_font_size=\u00bb20px\u00bb hover_enabled=\u00bb0&#8243; global_colors_info=\u00bb{}\u00bb theme_builder_area=\u00bbpost_content\u00bb text_line_height=\u00bb1.6em\u00bb sticky_enabled=\u00bb0&#8243; custom_margin=\u00bb||51px|||\u00bb]<\/p>\n<p style=\"text-align: center;\">El proyecto educativo institucional de nuestro establecimiento se caracteriza por manifestar un fuerte compromiso con la educaci\u00f3n que el estudiante moderno requiere, bas\u00e1ndose en la calidad e innovaci\u00f3n en la ense\u00f1anza, as\u00ed como en la inclusi\u00f3n e integraci\u00f3n de cada participante de la comunidad educativa con el medio.<\/p>\n<p style=\"text-align: center;\">Fomentamos la adquisici\u00f3n de valores cristianos y espirituales, los cuales a trav\u00e9s de la articulaci\u00f3n con los aprendizajes generados, promuevan el protagonismo del estudiante, a trav\u00e9s del desarrollo de su autonom\u00eda y pensamiento cr\u00edtico.<\/p>\n<p>[\/et_pb_text][et_pb_button button_url=\u00bbhttps:\/\/escuelapresbiteriana.com\/wp-content\/uploads\/2026\/04\/ProyectoEducativo-en-construccion-4-1.docx\u00bb button_text=\u00bbVer PEI institucional\u00bb button_alignment=\u00bbcenter\u00bb _builder_version=\u00bb4.22.2&#8243; _module_preset=\u00bbdefault\u00bb custom_button=\u00bbon\u00bb button_text_color=\u00bb#FFFFFF\u00bb button_bg_color=\u00bb#333399&#8243; button_border_width=\u00bb0px\u00bb button_border_radius=\u00bb8px\u00bb hover_enabled=\u00bb0&#8243; box_shadow_style=\u00bbpreset3&#8243; global_colors_info=\u00bb{}\u00bb theme_builder_area=\u00bbpost_content\u00bb button_icon=\u00bb&#xf1c1;||fa||400&#8243; button_on_hover=\u00bboff\u00bb sticky_enabled=\u00bb0&#8243; url_new_window=\u00bbon\u00bb custom_margin=\u00bb||94px|||\u00bb][\/et_pb_button][et_pb_image src=\u00bbhttps:\/\/escuelapresbiteriana.com\/wp-content\/uploads\/2026\/04\/verssiculo.jpg\u00bb title_text=\u00bbverssiculo\u00bb align=\u00bbcenter\u00bb _builder_version=\u00bb4.22.2&#8243; _module_preset=\u00bbdefault\u00bb hover_enabled=\u00bb0&#8243; border_radii=\u00bbon|18px|18px|18px|18px\u00bb global_colors_info=\u00bb{}\u00bb theme_builder_area=\u00bbpost_content\u00bb sticky_enabled=\u00bb0&#8243;][\/et_pb_image][\/et_pb_column][\/et_pb_row][\/et_pb_section]<\/p>\n","protected":false},"excerpt":{"rendered":"<p>Proyecto educativo institucionalPEI (Proyecto Educativo Institucional)El proyecto educativo institucional de nuestro establecimiento se caracteriza por manifestar un fuerte compromiso con la educaci\u00f3n que el estudiante moderno requiere, bas\u00e1ndose en la calidad e innovaci\u00f3n en la ense\u00f1anza, as\u00ed como en la inclusi\u00f3n e integraci\u00f3n de cada participante de la comunidad educativa con el medio. Fomentamos la [&hellip;]<\/p>\n","protected":false},"author":1,"featured_media":0,"parent":0,"menu_order":0,"comment_status":"closed","ping_status":"closed","template":"","meta":{"_et_pb_use_builder":"on","_et_pb_old_content":"<!-- wp:divi\/placeholder \/-->","_et_gb_content_width":"","footnotes":""},"class_list":["post-17","page","type-page","status-publish","hentry"],"yoast_head":"<!-- This site is optimized with the Yoast SEO plugin v27.5 - https:\/\/yoast.com\/product\/yoast-seo-wordpress\/ -->\n<title>Proyecto educativo institucional - escuelapresbiteriana.com<\/title>\n<meta name=\"robots\" content=\"index, follow, max-snippet:-1, max-image-preview:large, max-video-preview:-1\" \/>\n<link rel=\"canonical\" href=\"http:\/\/escuelapresbiteriana.com\/index.php\/proyecto-educativo-institucional\/\" \/>\n<meta property=\"og:locale\" content=\"es_ES\" \/>\n<meta property=\"og:type\" content=\"article\" \/>\n<meta property=\"og:title\" content=\"Proyecto educativo institucional - escuelapresbiteriana.com\" \/>\n<meta property=\"og:description\" content=\"Proyecto educativo institucionalPEI (Proyecto Educativo Institucional)El proyecto educativo institucional de nuestro establecimiento se caracteriza por manifestar un fuerte compromiso con la educaci\u00f3n que el estudiante moderno requiere, bas\u00e1ndose en la calidad e innovaci\u00f3n en la ense\u00f1anza, as\u00ed como en la inclusi\u00f3n e integraci\u00f3n de cada participante de la comunidad educativa con el medio. Fomentamos la [&hellip;]\" \/>\n<meta property=\"og:url\" content=\"http:\/\/escuelapresbiteriana.com\/index.php\/proyecto-educativo-institucional\/\" \/>\n<meta property=\"og:site_name\" content=\"escuelapresbiteriana.com\" \/>\n<meta property=\"article:modified_time\" content=\"2026-04-21T13:10:25+00:00\" \/>\n<meta name=\"twitter:card\" content=\"summary_large_image\" \/>\n<meta name=\"twitter:label1\" content=\"Tiempo de lectura\" \/>\n\t<meta name=\"twitter:data1\" content=\"2 minutos\" \/>\n<script type=\"application\/ld+json\" class=\"yoast-schema-graph\">{\"@context\":\"https:\\\/\\\/schema.org\",\"@graph\":[{\"@type\":\"WebPage\",\"@id\":\"http:\\\/\\\/escuelapresbiteriana.com\\\/index.php\\\/proyecto-educativo-institucional\\\/\",\"url\":\"http:\\\/\\\/escuelapresbiteriana.com\\\/index.php\\\/proyecto-educativo-institucional\\\/\",\"name\":\"Proyecto educativo institucional - escuelapresbiteriana.com\",\"isPartOf\":{\"@id\":\"https:\\\/\\\/escuelapresbiteriana.com\\\/#website\"},\"datePublished\":\"2026-04-20T13:58:30+00:00\",\"dateModified\":\"2026-04-21T13:10:25+00:00\",\"breadcrumb\":{\"@id\":\"http:\\\/\\\/escuelapresbiteriana.com\\\/index.php\\\/proyecto-educativo-institucional\\\/#breadcrumb\"},\"inLanguage\":\"es\",\"potentialAction\":[{\"@type\":\"ReadAction\",\"target\":[\"http:\\\/\\\/escuelapresbiteriana.com\\\/index.php\\\/proyecto-educativo-institucional\\\/\"]}]},{\"@type\":\"BreadcrumbList\",\"@id\":\"http:\\\/\\\/escuelapresbiteriana.com\\\/index.php\\\/proyecto-educativo-institucional\\\/#breadcrumb\",\"itemListElement\":[{\"@type\":\"ListItem\",\"position\":1,\"name\":\"Portada\",\"item\":\"https:\\\/\\\/escuelapresbiteriana.com\\\/\"},{\"@type\":\"ListItem\",\"position\":2,\"name\":\"Proyecto educativo institucional\"}]},{\"@type\":\"WebSite\",\"@id\":\"https:\\\/\\\/escuelapresbiteriana.com\\\/#website\",\"url\":\"https:\\\/\\\/escuelapresbiteriana.com\\\/\",\"name\":\"escuelapresbiteriana.com\",\"description\":\"\",\"potentialAction\":[{\"@type\":\"SearchAction\",\"target\":{\"@type\":\"EntryPoint\",\"urlTemplate\":\"https:\\\/\\\/escuelapresbiteriana.com\\\/?s={search_term_string}\"},\"query-input\":{\"@type\":\"PropertyValueSpecification\",\"valueRequired\":true,\"valueName\":\"search_term_string\"}}],\"inLanguage\":\"es\"}]}<\/script>\n<!-- \/ Yoast SEO plugin. -->","yoast_head_json":{"title":"Proyecto educativo institucional - escuelapresbiteriana.com","robots":{"index":"index","follow":"follow","max-snippet":"max-snippet:-1","max-image-preview":"max-image-preview:large","max-video-preview":"max-video-preview:-1"},"canonical":"http:\/\/escuelapresbiteriana.com\/index.php\/proyecto-educativo-institucional\/","og_locale":"es_ES","og_type":"article","og_title":"Proyecto educativo institucional - escuelapresbiteriana.com","og_description":"Proyecto educativo institucionalPEI (Proyecto Educativo Institucional)El proyecto educativo institucional de nuestro establecimiento se caracteriza por manifestar un fuerte compromiso con la educaci\u00f3n que el estudiante moderno requiere, bas\u00e1ndose en la calidad e innovaci\u00f3n en la ense\u00f1anza, as\u00ed como en la inclusi\u00f3n e integraci\u00f3n de cada participante de la comunidad educativa con el medio. Fomentamos la [&hellip;]","og_url":"http:\/\/escuelapresbiteriana.com\/index.php\/proyecto-educativo-institucional\/","og_site_name":"escuelapresbiteriana.com","article_modified_time":"2026-04-21T13:10:25+00:00","twitter_card":"summary_large_image","twitter_misc":{"Tiempo de lectura":"2 minutos"},"schema":{"@context":"https:\/\/schema.org","@graph":[{"@type":"WebPage","@id":"http:\/\/escuelapresbiteriana.com\/index.php\/proyecto-educativo-institucional\/","url":"http:\/\/escuelapresbiteriana.com\/index.php\/proyecto-educativo-institucional\/","name":"Proyecto educativo institucional - escuelapresbiteriana.com","isPartOf":{"@id":"https:\/\/escuelapresbiteriana.com\/#website"},"datePublished":"2026-04-20T13:58:30+00:00","dateModified":"2026-04-21T13:10:25+00:00","breadcrumb":{"@id":"http:\/\/escuelapresbiteriana.com\/index.php\/proyecto-educativo-institucional\/#breadcrumb"},"inLanguage":"es","potentialAction":[{"@type":"ReadAction","target":["http:\/\/escuelapresbiteriana.com\/index.php\/proyecto-educativo-institucional\/"]}]},{"@type":"BreadcrumbList","@id":"http:\/\/escuelapresbiteriana.com\/index.php\/proyecto-educativo-institucional\/#breadcrumb","itemListElement":[{"@type":"ListItem","position":1,"name":"Portada","item":"https:\/\/escuelapresbiteriana.com\/"},{"@type":"ListItem","position":2,"name":"Proyecto educativo institucional"}]},{"@type":"WebSite","@id":"https:\/\/escuelapresbiteriana.com\/#website","url":"https:\/\/escuelapresbiteriana.com\/","name":"escuelapresbiteriana.com","description":"","potentialAction":[{"@type":"SearchAction","target":{"@type":"EntryPoint","urlTemplate":"https:\/\/escuelapresbiteriana.com\/?s={search_term_string}"},"query-input":{"@type":"PropertyValueSpecification","valueRequired":true,"valueName":"search_term_string"}}],"inLanguage":"es"}]}},"_links":{"self":[{"href":"https:\/\/escuelapresbiteriana.com\/index.php\/wp-json\/wp\/v2\/pages\/17","targetHints":{"allow":["GET"]}}],"collection":[{"href":"https:\/\/escuelapresbiteriana.com\/index.php\/wp-json\/wp\/v2\/pages"}],"about":[{"href":"https:\/\/escuelapresbiteriana.com\/index.php\/wp-json\/wp\/v2\/types\/page"}],"author":[{"embeddable":true,"href":"https:\/\/escuelapresbiteriana.com\/index.php\/wp-json\/wp\/v2\/users\/1"}],"replies":[{"embeddable":true,"href":"https:\/\/escuelapresbiteriana.com\/index.php\/wp-json\/wp\/v2\/comments?post=17"}],"version-history":[{"count":3,"href":"https:\/\/escuelapresbiteriana.com\/index.php\/wp-json\/wp\/v2\/pages\/17\/revisions"}],"predecessor-version":[{"id":157,"href":"https:\/\/escuelapresbiteriana.com\/index.php\/wp-json\/wp\/v2\/pages\/17\/revisions\/157"}],"wp:attachment":[{"href":"https:\/\/escuelapresbiteriana.com\/index.php\/wp-json\/wp\/v2\/media?parent=17"}],"curies":[{"name":"wp","href":"https:\/\/api.w.org\/{rel}","templated":true}]}}

<p>[et_pb_section fb_built=»1&#8243; _builder_version=»4.22.2&#8243; _module_preset=»default» background_image=»https://escuelapresbiteriana.com/wp-content/uploads/2026/04/bg-interiores.jpg» global_colors_info=»{}» theme_builder_area=»post_content»][et_pb_row _builder_version=»4.22.2&#8243; _module_preset=»default» global_colors_info=»{}» theme_builder_area=»post_content»][et_pb_column type=»4_4&#8243; _builder_version=»4.22.2&#8243; _module_preset=»default» global_colors_info=»{}» theme_builder_area=»post_content»][et_pb_text _builder_version=»4.22.2&#8243; _module_preset=»default» header_2_font=»Lato|||on|||||» header_2_text_color=»#FFFFFF» header_2_font_size=»45px» header_2_line_height=»1.5em» hover_enabled=»0&#8243; global_colors_info=»{}» theme_builder_area=»post_content» sticky_enabled=»0&#8243;]</p>
<h2 style="text-align: center;"><span>Proyecto educativo institucional</span></h2>
<p>[/et_pb_text][et_pb_divider color=»#ffde1a» _builder_version=»4.22.2&#8243; _module_preset=»default» global_colors_info=»{}» theme_builder_area=»post_content»][/et_pb_divider][/et_pb_column][/et_pb_row][/et_pb_section][et_pb_section fb_built=»1&#8243; _builder_version=»4.22.2&#8243; _module_preset=»default» global_colors_info=»{}» theme_builder_area=»post_content»][et_pb_row _builder_version=»4.22.2&#8243; _module_preset=»default» global_colors_info=»{}» theme_builder_area=»post_content»][et_pb_column type=»4_4&#8243; _builder_version=»4.22.2&#8243; _module_preset=»default» global_colors_info=»{}» theme_builder_area=»post_content»][et_pb_text _builder_version=»4.22.2&#8243; _module_preset=»default» header_6_font=»Lato|700|||||||» header_6_text_color=»#333399&#8243; header_6_font_size=»20px» header_6_line_height=»1.2em» hover_enabled=»0&#8243; global_colors_info=»{}» theme_builder_area=»post_content» sticky_enabled=»0&#8243;]</p>
<h6 style="text-align: center;"><span>PEI (</span><span>Proyecto Educativo Institucional)</span></h6>
<p>[/et_pb_text][et_pb_text _builder_version=»4.22.2&#8243; _module_preset=»default» text_font=»Lato||||||||» text_text_color=»#000000&#8243; text_font_size=»20px» hover_enabled=»0&#8243; global_colors_info=»{}» theme_builder_area=»post_content» text_line_height=»1.6em» sticky_enabled=»0&#8243; custom_margin=»||51px|||»]</p>
<p style="text-align: center;">El proyecto educativo institucional de nuestro establecimiento se caracteriza por manifestar un fuerte compromiso con la educación que el estudiante moderno requiere, basándose en la calidad e innovación en la enseñanza, así como en la inclusión e integración de cada participante de la comunidad educativa con el medio.</p>
<p style="text-align: center;">Fomentamos la adquisición de valores cristianos y espirituales, los cuales a través de la articulación con los aprendizajes generados, promuevan el protagonismo del estudiante, a través del desarrollo de su autonomía y pensamiento crítico.</p>
<p>[/et_pb_text][et_pb_button button_url=»https://escuelapresbiteriana.com/wp-content/uploads/2026/04/ProyectoEducativo-en-construccion-4-1.docx» button_text=»Ver PEI institucional» button_alignment=»center» _builder_version=»4.22.2&#8243; _module_preset=»default» custom_button=»on» button_text_color=»#FFFFFF» button_bg_color=»#333399&#8243; button_border_width=»0px» button_border_radius=»8px» hover_enabled=»0&#8243; box_shadow_style=»preset3&#8243; global_colors_info=»{}» theme_builder_area=»post_content» button_icon=»&#xf1c1;||fa||400&#8243; button_on_hover=»off» sticky_enabled=»0&#8243; url_new_window=»on» custom_margin=»||94px|||»][/et_pb_button][et_pb_image src=»https://escuelapresbiteriana.com/wp-content/uploads/2026/04/verssiculo.jpg» title_text=»verssiculo» align=»center» _builder_version=»4.22.2&#8243; _module_preset=»default» hover_enabled=»0&#8243; border_radii=»on|18px|18px|18px|18px» global_colors_info=»{}» theme_builder_area=»post_content» sticky_enabled=»0&#8243;][/et_pb_image][/et_pb_column][/et_pb_row][/et_pb_section]</p>

<p>Proyecto educativo institucionalPEI (Proyecto Educativo Institucional)El proyecto educativo institucional de nuestro establecimiento se caracteriza por manifestar un fuerte compromiso con la educación que el estudiante moderno requiere, basándose en la calidad e innovación en la enseñanza, así como en la inclusión e integración de cada participante de la comunidad educativa con el medio. Fomentamos la [&hellip;]</p>

<!-- This site is optimized with the Yoast SEO plugin v27.5 - https://yoast.com/product/yoast-seo-wordpress/ -->
<title>Proyecto educativo institucional - escuelapresbiteriana.com</title>
<meta name="robots" content="index, follow, max-snippet:-1, max-image-preview:large, max-video-preview:-1" />
<link rel="canonical" href="http://escuelapresbiteriana.com/index.php/proyecto-educativo-institucional/" />
<meta property="og:locale" content="es_ES" />
<meta property="og:type" content="article" />
<meta property="og:title" content="Proyecto educativo institucional - escuelapresbiteriana.com" />
<meta property="og:description" content="Proyecto educativo institucionalPEI (Proyecto Educativo Institucional)El proyecto educativo institucional de nuestro establecimiento se caracteriza por manifestar un fuerte compromiso con la educación que el estudiante moderno requiere, basándose en la calidad e innovación en la enseñanza, así como en la inclusión e integración de cada participante de la comunidad educativa con el medio. Fomentamos la [&hellip;]" />
<meta property="og:url" content="http://escuelapresbiteriana.com/index.php/proyecto-educativo-institucional/" />
<meta property="og:site_name" content="escuelapresbiteriana.com" />
<meta property="article:modified_time" content="2026-04-21T13:10:25+00:00" />
<meta name="twitter:card" content="summary_large_image" />
<meta name="twitter:label1" content="Tiempo de lectura" />
	<meta name="twitter:data1" content="2 minutos" />
<script type="application/ld+json" class="yoast-schema-graph">{"@context":"https:\/\/schema.org","@graph":[{"@type":"WebPage","@id":"http:\/\/escuelapresbiteriana.com\/index.php\/proyecto-educativo-institucional\/","url":"http:\/\/escuelapresbiteriana.com\/index.php\/proyecto-educativo-institucional\/","name":"Proyecto educativo institucional - escuelapresbiteriana.com","isPartOf":{"@id":"https:\/\/escuelapresbiteriana.com\/#website"},"datePublished":"2026-04-20T13:58:30+00:00","dateModified":"2026-04-21T13:10:25+00:00","breadcrumb":{"@id":"http:\/\/escuelapresbiteriana.com\/index.php\/proyecto-educativo-institucional\/#breadcrumb"},"inLanguage":"es","potentialAction":[{"@type":"ReadAction","target":["http:\/\/escuelapresbiteriana.com\/index.php\/proyecto-educativo-institucional\/"]}]},{"@type":"BreadcrumbList","@id":"http:\/\/escuelapresbiteriana.com\/index.php\/proyecto-educativo-institucional\/#breadcrumb","itemListElement":[{"@type":"ListItem","position":1,"name":"Portada","item":"https:\/\/escuelapresbiteriana.com\/"},{"@type":"ListItem","position":2,"name":"Proyecto educativo institucional"}]},{"@type":"WebSite","@id":"https:\/\/escuelapresbiteriana.com\/#website","url":"https:\/\/escuelapresbiteriana.com\/","name":"escuelapresbiteriana.com","description":"","potentialAction":[{"@type":"SearchAction","target":{"@type":"EntryPoint","urlTemplate":"https:\/\/escuelapresbiteriana.com\/?s={search_term_string}"},"query-input":{"@type":"PropertyValueSpecification","valueRequired":true,"valueName":"search_term_string"}}],"inLanguage":"es"}]}</script>
<!-- / Yoast SEO plugin. -->

Proyecto educativo institucionalPEI (Proyecto Educativo Institucional)El proyecto educativo institucional de nuestro establecimiento se caracteriza por manifestar un fuerte compromiso con la educación que el estudiante moderno requiere, basándose en la calidad e innovación en la enseñanza, así como en la inclusión e integración de cada participante de la comunidad educativa con el medio. Fomentamos la [&hellip;]
