{"id":13,"date":"2026-04-20T13:57:44","date_gmt":"2026-04-20T13:57:44","guid":{"rendered":"http:\/\/escuelapresbiteriana.com.portalesdenegocios.com\/?page_id=13"},"modified":"2026-04-20T21:43:55","modified_gmt":"2026-04-20T21:43:55","slug":"nosotros","status":"publish","type":"page","link":"https:\/\/escuelapresbiteriana.com\/index.php\/nosotros\/","title":{"rendered":"Nosotros"},"content":{"rendered":"<p>[et_pb_section fb_built=\u00bb1&#8243; _builder_version=\u00bb4.22.2&#8243; _module_preset=\u00bbdefault\u00bb background_image=\u00bbhttps:\/\/escuelapresbiteriana.com\/wp-content\/uploads\/2026\/04\/bg-interiores.jpg\u00bb global_colors_info=\u00bb{}\u00bb][et_pb_row _builder_version=\u00bb4.22.2&#8243; _module_preset=\u00bbdefault\u00bb global_colors_info=\u00bb{}\u00bb][et_pb_column type=\u00bb4_4&#8243; _builder_version=\u00bb4.22.2&#8243; _module_preset=\u00bbdefault\u00bb global_colors_info=\u00bb{}\u00bb][et_pb_text _builder_version=\u00bb4.22.2&#8243; _module_preset=\u00bbdefault\u00bb header_2_font=\u00bbLato|||on|||||\u00bb header_2_text_color=\u00bb#FFFFFF\u00bb header_2_font_size=\u00bb45px\u00bb header_2_line_height=\u00bb1.5em\u00bb hover_enabled=\u00bb0&#8243; global_colors_info=\u00bb{}\u00bb sticky_enabled=\u00bb0&#8243;]<\/p>\n<h2 style=\"text-align: center;\"><span>Nosotros<\/span><\/h2>\n<p>[\/et_pb_text][et_pb_divider color=\u00bb#ffde1a\u00bb _builder_version=\u00bb4.22.2&#8243; _module_preset=\u00bbdefault\u00bb global_colors_info=\u00bb{}\u00bb][\/et_pb_divider][\/et_pb_column][\/et_pb_row][\/et_pb_section][et_pb_section fb_built=\u00bb1&#8243; _builder_version=\u00bb4.22.2&#8243; _module_preset=\u00bbdefault\u00bb global_colors_info=\u00bb{}\u00bb][et_pb_row _builder_version=\u00bb4.22.2&#8243; _module_preset=\u00bbdefault\u00bb global_colors_info=\u00bb{}\u00bb][et_pb_column type=\u00bb4_4&#8243; _builder_version=\u00bb4.22.2&#8243; _module_preset=\u00bbdefault\u00bb global_colors_info=\u00bb{}\u00bb][et_pb_text _builder_version=\u00bb4.22.2&#8243; _module_preset=\u00bbdefault\u00bb header_6_font=\u00bbLato||||||||\u00bb header_6_text_color=\u00bb#333399&#8243; header_6_font_size=\u00bb20px\u00bb header_6_line_height=\u00bb1.2em\u00bb global_colors_info=\u00bb{}\u00bb]<\/p>\n<h6 style=\"text-align: center;\"><strong>La Escuela N\u00ba 23 Presbiteriana fue fundada el 16 de agosto de 1963,<\/strong><\/h6>\n<h6 style=\"text-align: center;\"><strong>seg\u00fan Decreto Supremo No 12.960.<\/strong><\/h6>\n<p>[\/et_pb_text][et_pb_text _builder_version=\u00bb4.22.2&#8243; _module_preset=\u00bbdefault\u00bb text_font=\u00bbLato||||||||\u00bb text_text_color=\u00bb#000000&#8243; text_font_size=\u00bb16px\u00bb global_colors_info=\u00bb{}\u00bb]<\/p>\n<p style=\"text-align: center;\">Promovemos una educaci\u00f3n inclusiva, integral de calidad, tanto en lo acad\u00e9mico como en lo val\u00f3rico,<\/p>\n<p style=\"text-align: center;\">considerando tambi\u00e9n lo afectivo, cultural y ambiental, liderado por docentes creativos firmes y leales a su<\/p>\n<p style=\"text-align: center;\">accionar, comprometiendo a los padres y apoderados a formar parte del proceso educativo de los educandos.<\/p>\n<p style=\"text-align: center;\">Tenemos la misi\u00f3n de desarrollar una educaci\u00f3n de calidad, equitativa e inclusiva, comprometida con el<\/p>\n<p style=\"text-align: center;\">aprendizaje de todos nuestros estudiantes, que inculque s\u00f3lidos valores cristianos basados en el amor a Dios y al<\/p>\n<p style=\"text-align: center;\">pr\u00f3jimo, considerando, adem\u00e1s, la calidad de vida y el cuidado del medio ambiente.<\/p>\n<p>[\/et_pb_text][et_pb_button button_text=\u00bbM\u00e1s informaci\u00f3n\u00bb button_alignment=\u00bbcenter\u00bb _builder_version=\u00bb4.22.2&#8243; _module_preset=\u00bbdefault\u00bb custom_button=\u00bbon\u00bb button_text_color=\u00bb#FFFFFF\u00bb button_bg_color=\u00bb#333399&#8243; button_border_width=\u00bb0px\u00bb button_border_radius=\u00bb8px\u00bb box_shadow_style=\u00bbpreset3&#8243; global_colors_info=\u00bb{}\u00bb][\/et_pb_button][\/et_pb_column][\/et_pb_row][et_pb_row column_structure=\u00bb1_2,1_2&#8243; _builder_version=\u00bb4.22.2&#8243; _module_preset=\u00bbdefault\u00bb global_colors_info=\u00bb{}\u00bb][et_pb_column type=\u00bb1_2&#8243; _builder_version=\u00bb4.22.2&#8243; _module_preset=\u00bbdefault\u00bb global_colors_info=\u00bb{}\u00bb][et_pb_image src=\u00bbhttps:\/\/escuelapresbiteriana.com\/wp-content\/uploads\/2026\/04\/21-de-mayo-980&#215;653-1.jpg\u00bb title_text=\u00bb21-de-mayo-980&#215;653&#8243; align=\u00bbcenter\u00bb _builder_version=\u00bb4.22.2&#8243; _module_preset=\u00bbdefault\u00bb border_radii=\u00bbon|18px|18px|18px|18px\u00bb global_colors_info=\u00bb{}\u00bb][\/et_pb_image][\/et_pb_column][et_pb_column type=\u00bb1_2&#8243; _builder_version=\u00bb4.22.2&#8243; _module_preset=\u00bbdefault\u00bb global_colors_info=\u00bb{}\u00bb][et_pb_image src=\u00bbhttps:\/\/escuelapresbiteriana.com\/wp-content\/uploads\/2026\/04\/libro-980&#215;653-1.jpg\u00bb title_text=\u00bblibro-980&#215;653&#8243; align=\u00bbcenter\u00bb _builder_version=\u00bb4.22.2&#8243; _module_preset=\u00bbdefault\u00bb border_radii=\u00bbon|18px|18px|18px|18px\u00bb global_colors_info=\u00bb{}\u00bb][\/et_pb_image][\/et_pb_column][\/et_pb_row][\/et_pb_section]<\/p>\n","protected":false},"excerpt":{"rendered":"<p>NosotrosLa Escuela N\u00ba 23 Presbiteriana fue fundada el 16 de agosto de 1963, seg\u00fan Decreto Supremo No 12.960.Promovemos una educaci\u00f3n inclusiva, integral de calidad, tanto en lo acad\u00e9mico como en lo val\u00f3rico, considerando tambi\u00e9n lo afectivo, cultural y ambiental, liderado por docentes creativos firmes y leales a su accionar, comprometiendo a los padres y apoderados [&hellip;]<\/p>\n","protected":false},"author":1,"featured_media":0,"parent":0,"menu_order":0,"comment_status":"closed","ping_status":"closed","template":"","meta":{"_et_pb_use_builder":"on","_et_pb_old_content":"<!-- wp:divi\/placeholder \/-->","_et_gb_content_width":"","footnotes":""},"class_list":["post-13","page","type-page","status-publish","hentry"],"yoast_head":"<!-- This site is optimized with the Yoast SEO plugin v27.5 - https:\/\/yoast.com\/product\/yoast-seo-wordpress\/ -->\n<title>Nosotros - escuelapresbiteriana.com<\/title>\n<meta name=\"robots\" content=\"index, follow, max-snippet:-1, max-image-preview:large, max-video-preview:-1\" \/>\n<link rel=\"canonical\" href=\"http:\/\/escuelapresbiteriana.com\/index.php\/nosotros\/\" \/>\n<meta property=\"og:locale\" content=\"es_ES\" \/>\n<meta property=\"og:type\" content=\"article\" \/>\n<meta property=\"og:title\" content=\"Nosotros - escuelapresbiteriana.com\" \/>\n<meta property=\"og:description\" content=\"NosotrosLa Escuela N\u00ba 23 Presbiteriana fue fundada el 16 de agosto de 1963, seg\u00fan Decreto Supremo No 12.960.Promovemos una educaci\u00f3n inclusiva, integral de calidad, tanto en lo acad\u00e9mico como en lo val\u00f3rico, considerando tambi\u00e9n lo afectivo, cultural y ambiental, liderado por docentes creativos firmes y leales a su accionar, comprometiendo a los padres y apoderados [&hellip;]\" \/>\n<meta property=\"og:url\" content=\"http:\/\/escuelapresbiteriana.com\/index.php\/nosotros\/\" \/>\n<meta property=\"og:site_name\" content=\"escuelapresbiteriana.com\" \/>\n<meta property=\"article:modified_time\" content=\"2026-04-20T21:43:55+00:00\" \/>\n<meta name=\"twitter:card\" content=\"summary_large_image\" \/>\n<meta name=\"twitter:label1\" content=\"Tiempo de lectura\" \/>\n\t<meta name=\"twitter:data1\" content=\"2 minutos\" \/>\n<script type=\"application\/ld+json\" class=\"yoast-schema-graph\">{\"@context\":\"https:\\\/\\\/schema.org\",\"@graph\":[{\"@type\":\"WebPage\",\"@id\":\"http:\\\/\\\/escuelapresbiteriana.com\\\/index.php\\\/nosotros\\\/\",\"url\":\"http:\\\/\\\/escuelapresbiteriana.com\\\/index.php\\\/nosotros\\\/\",\"name\":\"Nosotros - escuelapresbiteriana.com\",\"isPartOf\":{\"@id\":\"https:\\\/\\\/escuelapresbiteriana.com\\\/#website\"},\"datePublished\":\"2026-04-20T13:57:44+00:00\",\"dateModified\":\"2026-04-20T21:43:55+00:00\",\"breadcrumb\":{\"@id\":\"http:\\\/\\\/escuelapresbiteriana.com\\\/index.php\\\/nosotros\\\/#breadcrumb\"},\"inLanguage\":\"es\",\"potentialAction\":[{\"@type\":\"ReadAction\",\"target\":[\"http:\\\/\\\/escuelapresbiteriana.com\\\/index.php\\\/nosotros\\\/\"]}]},{\"@type\":\"BreadcrumbList\",\"@id\":\"http:\\\/\\\/escuelapresbiteriana.com\\\/index.php\\\/nosotros\\\/#breadcrumb\",\"itemListElement\":[{\"@type\":\"ListItem\",\"position\":1,\"name\":\"Portada\",\"item\":\"https:\\\/\\\/escuelapresbiteriana.com\\\/\"},{\"@type\":\"ListItem\",\"position\":2,\"name\":\"Nosotros\"}]},{\"@type\":\"WebSite\",\"@id\":\"https:\\\/\\\/escuelapresbiteriana.com\\\/#website\",\"url\":\"https:\\\/\\\/escuelapresbiteriana.com\\\/\",\"name\":\"escuelapresbiteriana.com\",\"description\":\"\",\"potentialAction\":[{\"@type\":\"SearchAction\",\"target\":{\"@type\":\"EntryPoint\",\"urlTemplate\":\"https:\\\/\\\/escuelapresbiteriana.com\\\/?s={search_term_string}\"},\"query-input\":{\"@type\":\"PropertyValueSpecification\",\"valueRequired\":true,\"valueName\":\"search_term_string\"}}],\"inLanguage\":\"es\"}]}<\/script>\n<!-- \/ Yoast SEO plugin. -->","yoast_head_json":{"title":"Nosotros - escuelapresbiteriana.com","robots":{"index":"index","follow":"follow","max-snippet":"max-snippet:-1","max-image-preview":"max-image-preview:large","max-video-preview":"max-video-preview:-1"},"canonical":"http:\/\/escuelapresbiteriana.com\/index.php\/nosotros\/","og_locale":"es_ES","og_type":"article","og_title":"Nosotros - escuelapresbiteriana.com","og_description":"NosotrosLa Escuela N\u00ba 23 Presbiteriana fue fundada el 16 de agosto de 1963, seg\u00fan Decreto Supremo No 12.960.Promovemos una educaci\u00f3n inclusiva, integral de calidad, tanto en lo acad\u00e9mico como en lo val\u00f3rico, considerando tambi\u00e9n lo afectivo, cultural y ambiental, liderado por docentes creativos firmes y leales a su accionar, comprometiendo a los padres y apoderados [&hellip;]","og_url":"http:\/\/escuelapresbiteriana.com\/index.php\/nosotros\/","og_site_name":"escuelapresbiteriana.com","article_modified_time":"2026-04-20T21:43:55+00:00","twitter_card":"summary_large_image","twitter_misc":{"Tiempo de lectura":"2 minutos"},"schema":{"@context":"https:\/\/schema.org","@graph":[{"@type":"WebPage","@id":"http:\/\/escuelapresbiteriana.com\/index.php\/nosotros\/","url":"http:\/\/escuelapresbiteriana.com\/index.php\/nosotros\/","name":"Nosotros - escuelapresbiteriana.com","isPartOf":{"@id":"https:\/\/escuelapresbiteriana.com\/#website"},"datePublished":"2026-04-20T13:57:44+00:00","dateModified":"2026-04-20T21:43:55+00:00","breadcrumb":{"@id":"http:\/\/escuelapresbiteriana.com\/index.php\/nosotros\/#breadcrumb"},"inLanguage":"es","potentialAction":[{"@type":"ReadAction","target":["http:\/\/escuelapresbiteriana.com\/index.php\/nosotros\/"]}]},{"@type":"BreadcrumbList","@id":"http:\/\/escuelapresbiteriana.com\/index.php\/nosotros\/#breadcrumb","itemListElement":[{"@type":"ListItem","position":1,"name":"Portada","item":"https:\/\/escuelapresbiteriana.com\/"},{"@type":"ListItem","position":2,"name":"Nosotros"}]},{"@type":"WebSite","@id":"https:\/\/escuelapresbiteriana.com\/#website","url":"https:\/\/escuelapresbiteriana.com\/","name":"escuelapresbiteriana.com","description":"","potentialAction":[{"@type":"SearchAction","target":{"@type":"EntryPoint","urlTemplate":"https:\/\/escuelapresbiteriana.com\/?s={search_term_string}"},"query-input":{"@type":"PropertyValueSpecification","valueRequired":true,"valueName":"search_term_string"}}],"inLanguage":"es"}]}},"_links":{"self":[{"href":"https:\/\/escuelapresbiteriana.com\/index.php\/wp-json\/wp\/v2\/pages\/13","targetHints":{"allow":["GET"]}}],"collection":[{"href":"https:\/\/escuelapresbiteriana.com\/index.php\/wp-json\/wp\/v2\/pages"}],"about":[{"href":"https:\/\/escuelapresbiteriana.com\/index.php\/wp-json\/wp\/v2\/types\/page"}],"author":[{"embeddable":true,"href":"https:\/\/escuelapresbiteriana.com\/index.php\/wp-json\/wp\/v2\/users\/1"}],"replies":[{"embeddable":true,"href":"https:\/\/escuelapresbiteriana.com\/index.php\/wp-json\/wp\/v2\/comments?post=13"}],"version-history":[{"count":4,"href":"https:\/\/escuelapresbiteriana.com\/index.php\/wp-json\/wp\/v2\/pages\/13\/revisions"}],"predecessor-version":[{"id":148,"href":"https:\/\/escuelapresbiteriana.com\/index.php\/wp-json\/wp\/v2\/pages\/13\/revisions\/148"}],"wp:attachment":[{"href":"https:\/\/escuelapresbiteriana.com\/index.php\/wp-json\/wp\/v2\/media?parent=13"}],"curies":[{"name":"wp","href":"https:\/\/api.w.org\/{rel}","templated":true}]}}

<p>[et_pb_section fb_built=»1&#8243; _builder_version=»4.22.2&#8243; _module_preset=»default» background_image=»https://escuelapresbiteriana.com/wp-content/uploads/2026/04/bg-interiores.jpg» global_colors_info=»{}»][et_pb_row _builder_version=»4.22.2&#8243; _module_preset=»default» global_colors_info=»{}»][et_pb_column type=»4_4&#8243; _builder_version=»4.22.2&#8243; _module_preset=»default» global_colors_info=»{}»][et_pb_text _builder_version=»4.22.2&#8243; _module_preset=»default» header_2_font=»Lato|||on|||||» header_2_text_color=»#FFFFFF» header_2_font_size=»45px» header_2_line_height=»1.5em» hover_enabled=»0&#8243; global_colors_info=»{}» sticky_enabled=»0&#8243;]</p>
<h2 style="text-align: center;"><span>Nosotros</span></h2>
<p>[/et_pb_text][et_pb_divider color=»#ffde1a» _builder_version=»4.22.2&#8243; _module_preset=»default» global_colors_info=»{}»][/et_pb_divider][/et_pb_column][/et_pb_row][/et_pb_section][et_pb_section fb_built=»1&#8243; _builder_version=»4.22.2&#8243; _module_preset=»default» global_colors_info=»{}»][et_pb_row _builder_version=»4.22.2&#8243; _module_preset=»default» global_colors_info=»{}»][et_pb_column type=»4_4&#8243; _builder_version=»4.22.2&#8243; _module_preset=»default» global_colors_info=»{}»][et_pb_text _builder_version=»4.22.2&#8243; _module_preset=»default» header_6_font=»Lato||||||||» header_6_text_color=»#333399&#8243; header_6_font_size=»20px» header_6_line_height=»1.2em» global_colors_info=»{}»]</p>
<h6 style="text-align: center;"><strong>La Escuela Nº 23 Presbiteriana fue fundada el 16 de agosto de 1963,</strong></h6>
<h6 style="text-align: center;"><strong>según Decreto Supremo No 12.960.</strong></h6>
<p>[/et_pb_text][et_pb_text _builder_version=»4.22.2&#8243; _module_preset=»default» text_font=»Lato||||||||» text_text_color=»#000000&#8243; text_font_size=»16px» global_colors_info=»{}»]</p>
<p style="text-align: center;">Promovemos una educación inclusiva, integral de calidad, tanto en lo académico como en lo valórico,</p>
<p style="text-align: center;">considerando también lo afectivo, cultural y ambiental, liderado por docentes creativos firmes y leales a su</p>
<p style="text-align: center;">accionar, comprometiendo a los padres y apoderados a formar parte del proceso educativo de los educandos.</p>
<p style="text-align: center;">Tenemos la misión de desarrollar una educación de calidad, equitativa e inclusiva, comprometida con el</p>
<p style="text-align: center;">aprendizaje de todos nuestros estudiantes, que inculque sólidos valores cristianos basados en el amor a Dios y al</p>
<p style="text-align: center;">prójimo, considerando, además, la calidad de vida y el cuidado del medio ambiente.</p>
<p>[/et_pb_text][et_pb_button button_text=»Más información» button_alignment=»center» _builder_version=»4.22.2&#8243; _module_preset=»default» custom_button=»on» button_text_color=»#FFFFFF» button_bg_color=»#333399&#8243; button_border_width=»0px» button_border_radius=»8px» box_shadow_style=»preset3&#8243; global_colors_info=»{}»][/et_pb_button][/et_pb_column][/et_pb_row][et_pb_row column_structure=»1_2,1_2&#8243; _builder_version=»4.22.2&#8243; _module_preset=»default» global_colors_info=»{}»][et_pb_column type=»1_2&#8243; _builder_version=»4.22.2&#8243; _module_preset=»default» global_colors_info=»{}»][et_pb_image src=»https://escuelapresbiteriana.com/wp-content/uploads/2026/04/21-de-mayo-980&#215;653-1.jpg» title_text=»21-de-mayo-980&#215;653&#8243; align=»center» _builder_version=»4.22.2&#8243; _module_preset=»default» border_radii=»on|18px|18px|18px|18px» global_colors_info=»{}»][/et_pb_image][/et_pb_column][et_pb_column type=»1_2&#8243; _builder_version=»4.22.2&#8243; _module_preset=»default» global_colors_info=»{}»][et_pb_image src=»https://escuelapresbiteriana.com/wp-content/uploads/2026/04/libro-980&#215;653-1.jpg» title_text=»libro-980&#215;653&#8243; align=»center» _builder_version=»4.22.2&#8243; _module_preset=»default» border_radii=»on|18px|18px|18px|18px» global_colors_info=»{}»][/et_pb_image][/et_pb_column][/et_pb_row][/et_pb_section]</p>

<p>NosotrosLa Escuela Nº 23 Presbiteriana fue fundada el 16 de agosto de 1963, según Decreto Supremo No 12.960.Promovemos una educación inclusiva, integral de calidad, tanto en lo académico como en lo valórico, considerando también lo afectivo, cultural y ambiental, liderado por docentes creativos firmes y leales a su accionar, comprometiendo a los padres y apoderados [&hellip;]</p>

<!-- This site is optimized with the Yoast SEO plugin v27.5 - https://yoast.com/product/yoast-seo-wordpress/ -->
<title>Nosotros - escuelapresbiteriana.com</title>
<meta name="robots" content="index, follow, max-snippet:-1, max-image-preview:large, max-video-preview:-1" />
<link rel="canonical" href="http://escuelapresbiteriana.com/index.php/nosotros/" />
<meta property="og:locale" content="es_ES" />
<meta property="og:type" content="article" />
<meta property="og:title" content="Nosotros - escuelapresbiteriana.com" />
<meta property="og:description" content="NosotrosLa Escuela Nº 23 Presbiteriana fue fundada el 16 de agosto de 1963, según Decreto Supremo No 12.960.Promovemos una educación inclusiva, integral de calidad, tanto en lo académico como en lo valórico, considerando también lo afectivo, cultural y ambiental, liderado por docentes creativos firmes y leales a su accionar, comprometiendo a los padres y apoderados [&hellip;]" />
<meta property="og:url" content="http://escuelapresbiteriana.com/index.php/nosotros/" />
<meta property="og:site_name" content="escuelapresbiteriana.com" />
<meta property="article:modified_time" content="2026-04-20T21:43:55+00:00" />
<meta name="twitter:card" content="summary_large_image" />
<meta name="twitter:label1" content="Tiempo de lectura" />
	<meta name="twitter:data1" content="2 minutos" />
<script type="application/ld+json" class="yoast-schema-graph">{"@context":"https:\/\/schema.org","@graph":[{"@type":"WebPage","@id":"http:\/\/escuelapresbiteriana.com\/index.php\/nosotros\/","url":"http:\/\/escuelapresbiteriana.com\/index.php\/nosotros\/","name":"Nosotros - escuelapresbiteriana.com","isPartOf":{"@id":"https:\/\/escuelapresbiteriana.com\/#website"},"datePublished":"2026-04-20T13:57:44+00:00","dateModified":"2026-04-20T21:43:55+00:00","breadcrumb":{"@id":"http:\/\/escuelapresbiteriana.com\/index.php\/nosotros\/#breadcrumb"},"inLanguage":"es","potentialAction":[{"@type":"ReadAction","target":["http:\/\/escuelapresbiteriana.com\/index.php\/nosotros\/"]}]},{"@type":"BreadcrumbList","@id":"http:\/\/escuelapresbiteriana.com\/index.php\/nosotros\/#breadcrumb","itemListElement":[{"@type":"ListItem","position":1,"name":"Portada","item":"https:\/\/escuelapresbiteriana.com\/"},{"@type":"ListItem","position":2,"name":"Nosotros"}]},{"@type":"WebSite","@id":"https:\/\/escuelapresbiteriana.com\/#website","url":"https:\/\/escuelapresbiteriana.com\/","name":"escuelapresbiteriana.com","description":"","potentialAction":[{"@type":"SearchAction","target":{"@type":"EntryPoint","urlTemplate":"https:\/\/escuelapresbiteriana.com\/?s={search_term_string}"},"query-input":{"@type":"PropertyValueSpecification","valueRequired":true,"valueName":"search_term_string"}}],"inLanguage":"es"}]}</script>
<!-- / Yoast SEO plugin. -->

NosotrosLa Escuela Nº 23 Presbiteriana fue fundada el 16 de agosto de 1963, según Decreto Supremo No 12.960.Promovemos una educación inclusiva, integral de calidad, tanto en lo académico como en lo valórico, considerando también lo afectivo, cultural y ambiental, liderado por docentes creativos firmes y leales a su accionar, comprometiendo a los padres y apoderados [&hellip;]
